nd 23356?
4
What is the greatest common factor of 13 and 18824?
13
Calculate the highest common factor of 58 and 6.
2
Calculate the highest common divisor of 3006 and 90.
18
What is the highest common divisor of 42 and 14?
14
What is the highest common divisor of 864 and 32?
32
Calculate the greatest common divisor of 13 and 2132.
13
What is the highest common factor of 23 and 989?
23
Calculate the greatest common divisor of 288 and 40.
8
What is the highest common factor of 9 and 14?
1
What is the highest common divisor of 944 and 590?
118
Calculate the greatest common divisor of 2014 and 38.
38
What is the greatest common factor of 162 and 9?
9
Calculate the highest common factor of 14 and 413.
7
What is the highest common factor of 140 and 120?
20
Calculate the greatest common factor of 94 and 26.
2
What is the greatest common divisor of 559 and 143?
13
Calculate the highest common divisor of 2294 and 124.
62
What is the greatest common factor of 165 and 60?
15
What is the highest common factor of 1665 and 72?
9
What is the highest common divisor of 143 and 104?
13
What is the greatest common factor of 668 and 32?
4
What is the greatest common factor of 84 and 2898?
42
What is the greatest common factor of 639 and 355?
71
Calculate the greatest common factor of 2121 and 63.
21
What is the greatest common divisor of 833 and 221?
17
What is the greatest common factor of 45 and 225?
45
Calculate the greatest common divisor of 17 and 6086.
17
Calculate the greatest common factor of 1360 and 20.
20
What is the highest common factor of 172 and 86?
86
Calculate the greatest common divisor of 10 and 65.
5
Calculate the greatest common divisor of 273 and 1729.
91
What is the highest common factor of 62 and 11873?
31
Calculate the highest common factor of 11556 and 535.
107
What is the highest common divisor of 40 and 256?
8
Calculate the greatest common factor of 518 and 444.
74
What is the greatest common divisor of 1751 and 17?
17
Calculate the greatest common factor of 55 and 165.
55
What is the greatest common divisor of 36 and 1548?
36
Calculate the greatest common divisor of 49 and 392.
49
What is the greatest common factor of 184 and 112?
8
What is the highest common factor of 86 and 559?
43
Calculate the greatest common divisor of 24 and 292.
4
Calculate the greatest common divisor of 42 and 140.
14
Calculate the highest common divisor of 2 and 404.
2
What is the highest common divisor of 155 and 93?
31
Calculate the highest common factor of 1 and 32.
1
Calculate the greatest common factor of 20 and 270.
10
What is the greatest common factor of 27979 and 49?
49
Calculate the highest common divisor of 273 and 49.
7
Calculate the highest common divisor of 16008 and 232.
232
What is the greatest common factor of 1003 and 153?
17
What is the highest common factor of 80 and 120?
40
What is the greatest common divisor of 63 and 168?
21
Calculate the highest common divisor of 112 and 70.
14
Calculate the highest common factor of 774 and 430.
86
What is the greatest common divisor of 4496 and 16?
16
What is the greatest common divisor of 7 and 9863?
7
What is the highest common factor of 374 and 154?
22
Calculate the greatest common divisor of 1961 and 185.
37
What is the highest common divisor of 323 and 228?
19
Calculate the highest common divisor of 48146 and 76.
38
Calculate the greatest common divisor of 540 and 20.
20
Calculate the highest common factor of 432 and 32.
16
What is the highest common factor of 32 and 336?
16
Calculate the highest common factor of 64 and 5.
1
What is the highest common factor of 134 and 3?
1
What is the greatest common factor of 348 and 36?
12
Calculate the greatest common divisor of 174 and 12.
6
Calculate the highest common factor of 2014 and 570.
38
Calculate the greatest common factor of 135 and 225.
45
Calculate the highest common factor of 30926 and 28.
14
Calculate the highest common factor of 736 and 1248.
32
What is the greatest common factor of 12 and 51?
3
What is the greatest common factor of 108 and 4?
4
Calculate the highest common factor of 160 and 10.
10
What is the greatest common divisor of 596 and 12?
4
What is the greatest common factor of 8703 and 81?
9
Calculate the highest common factor of 288 and 128.
32
What is the greatest common factor of 19366 and 2105?
421
What is the greatest common divisor of 18356 and 104?
52
What is the greatest common factor of 1160 and 10?
10
What is the greatest common divisor of 54 and 126?
18
Calculate the greatest common divisor of 17 and 17.
17
What is the highest common factor of 265 and 53?
53
Calculate the highest common factor of 7285 and 310.
155
What is the highest common divisor of 1928 and 28?
4
What is the highest common divisor of 943 and 164?
41
What is the highest common divisor of 117 and 36387?
117
What is the highest common factor of 94 and 2?
2
What is the greatest common factor of 1 and 811?
1
Calculate the greatest common divisor of 73 and 511.
73
What is the greatest common factor of 3 and 15117?
3
Calculate the greatest common divisor of 1024 and 12.
4
What is the highest common factor of 78 and 806?
26
What is the highest common factor of 13542 and 1830?
366
Calculate the greatest common factor of 90 and 1206.
18
Calculate the highest common factor of 124 and 1829.
31
What is the highest common factor of 418 and 22?
22
What is the highest common factor of 166 and 1?
1
What is the highest common divisor of 266 and 28?
14
Calculate the highest common divisor of 1484 and 20.
4
Calculate the greatest common factor of 6 and 15.
3
Calculate the highest common divisor of 7 and 49.
7
Calculate the highest common factor of 762 and 12.
6
Calculate the greatest common divisor of 112 and 616.
56
Calculate the greatest common factor of 152 and 209.
19
Calculate the highest common divisor of 38 and 437.
19
Calculate the highest common factor of 2048 and 16.
16
What is the greatest common factor of 25 and 36275?
25
What is the highest common factor of 340 and 40970?
170
What is the greatest common divisor of 52 and 884?
52
Calculate the highest common divisor of 264 and 3212.
44
What is the greatest common divisor of 3528 and 108?
36
What is the highest common divisor of 62 and 3?
1
What is the highest common divisor of 4312 and 8?
8
Calculate the highest common factor of 3632 and 16.
16
Calculate the greatest common divisor of 340 and 748.
68
What is the greatest common factor of 204 and 10092?
12
Calculate the greatest common divisor of 162 and 6336.
18
Calculate the highest common divisor of 10409 and 7.
7
Calculate the greatest common factor of 19 and 437.
19
What is the greatest common divisor of 3 and 3?
3
What is the highest common divisor of 7 and 119?
7
What is the highest common divisor of 663 and 78?
39
What is the greatest common divisor of 189 and 432?
27
Calculate the greatest common factor of 1023 and 93.
93
What is the highest common factor of 705 and 5217?
141
Calculate the greatest common factor of 26 and 6305.
13
Calculate the highest common divisor of 8 and 1528.
8
Calculate the highest common factor of 368 and 23.
23
Calculate the highest common factor of 3948 and 21.
21
What is the highest common divisor of 5764 and 33?
11
What is the highest common divisor of 58 and 3886?
58
What is the highest common factor of 400 and 15800?
200
Calculate the greatest common divisor of 30 and 15.
15
Calculate the greatest common divisor of 71058 and 78.
78
Calculate the greatest common divisor of 2387 and 77.
77
What is the highest common factor of 56 and 1832?
8
Calculate the highest common factor of 4 and 202.
2
Calculate the greatest common divisor of 8904 and 1512.
168
Calculate the greatest common factor of 1944 and 360.
72
What is the highest common divisor of 12 and 3112?
4
What is the highest common factor of 8030 and 110?
110
What is the greatest common factor of 8729 and 203?
203
What is the highest common factor of 3892 and 1148?
28
What is the greatest common divisor of 520 and 6370?
130
Calculate the greatest common divisor of 28 and 12.
4
What is the greatest common factor of 1526 and 1417?
109
Calculate the greatest common divisor of 46 and 46.
46
Calculate the greatest common factor of 20 and 430.
10
Calculate the greatest c